are the prime factors of 6420990?
2, 3, 5, 214033
List the prime factors of 2655014.
2, 373, 3559
What are the prime factors of 259490?
2, 5, 7, 11, 337
What are the prime factors of 2851442?
2, 11, 31, 37, 113
List the prime factors of 20771390.
2, 5, 2077139
What are the prime factors of 644329?
7, 83, 1109
List the prime factors of 1117111.
1117111
List the prime factors of 1753669.
17, 43, 2399
List the prime factors of 344370.
2, 3, 5, 13, 883
What are the prime factors of 11453463?
3, 7, 29, 6269
What are the prime factors of 4478844?
2, 3, 251, 1487
What are the prime factors of 872019?
3, 32297
What are the prime factors of 9713308?
2, 11, 220757
List the prime factors of 214173.
3, 53, 449
What are the prime factors of 2095181?
11, 190471
What are the prime factors of 1376794?
2, 688397
List the prime factors of 36855.
3, 5, 7, 13
What are the prime factors of 2392988?
2, 13, 17, 2707
List the prime factors of 299005.
5, 7, 8543
List the prime factors of 761538.
2, 3, 126923
List the prime factors of 5011448.
2, 13, 48187
What are the prime factors of 2160033?
3, 71, 10141
What are the prime factors of 1127165?
5, 13, 17341
What are the prime factors of 32261?
32261
List the prime factors of 256540.
2, 5, 101, 127
What are the prime factors of 1239516?
2, 3, 23, 499
List the prime factors of 182061.
3, 11, 613
What are the prime factors of 117541?
117541
List the prime factors of 10171653.
3, 3390551
List the prime factors of 482368.
2, 7537
What are the prime factors of 1718926?
2, 11, 7103
What are the prime factors of 248627?
248627
List the prime factors of 30607960.
2, 5, 765199
List the prime factors of 322937.
47, 6871
List the prime factors of 576401.
7, 67, 1229
What are the prime factors of 14266221?
3, 103, 137, 337
What are the prime factors of 1759295?
5, 351859
What are the prime factors of 210109?
210109
List the prime factors of 151453.
17, 59, 151
List the prime factors of 144043.
29, 4967
List the prime factors of 243482.
2, 53, 2297
What are the prime factors of 1451758?
2, 7, 11, 857
List the prime factors of 8178035.
5, 1635607
List the prime factors of 15249169.
13, 1173013
List the prime factors of 446672.
2, 27917
List the prime factors of 16725980.
2, 5, 836299
List the prime factors of 136233.
3, 15137
What are the prime factors of 15545532?
2, 3, 43, 47, 641
What are the prime factors of 3202420?
2, 5, 13, 109, 113
What are the prime factors of 6980499?
3, 86179
What are the prime factors of 1234120?
2, 5, 30853
List the prime factors of 695200.
2, 5, 11, 79
What are the prime factors of 1353878?
2, 163, 4153
What are the prime factors of 2556719?
11, 41, 5669
List the prime factors of 1780145.
5, 439, 811
List the prime factors of 8049675.
3, 5, 29, 3701
List the prime factors of 102182.
2, 19, 2689
List the prime factors of 4147917.
3, 647, 2137
List the prime factors of 2893455.
3, 5, 21433
What are the prime factors of 139353?
3, 46451
List the prime factors of 41191.
17, 2423
List the prime factors of 611434.
2, 305717
List the prime factors of 1542776.
2, 192847
List the prime factors of 128891.
7, 18413
List the prime factors of 260994.
2, 3, 43499
What are the prime factors of 3720105?
3, 5, 19, 229
What are the prime factors of 239417?
239417
What are the prime factors of 163441?
137, 1193
What are the prime factors of 12503322?
2, 3, 13, 1979
What are the prime factors of 9747637?
503, 19379
List the prime factors of 3912208.
2, 23, 10631
List the prime factors of 10556181.
3, 227, 5167
What are the prime factors of 3212240?
2, 5, 40153
List the prime factors of 1101172.
2, 61, 4513
What are the prime factors of 1258221?
3, 17, 24671
List the prime factors of 16619916.
2, 3, 1384993
What are the prime factors of 16455124?
2, 7, 359, 1637
List the prime factors of 299936.
2, 7, 13, 103
List the prime factors of 311915.
5, 62383
What are the prime factors of 89328?
2, 3, 1861
List the prime factors of 359372.
2, 13, 6911
List the prime factors of 16816378.
2, 8408189
What are the prime factors of 223285?
5, 44657
What are the prime factors of 421377?
3, 11, 113
List the prime factors of 2147914.
2, 29, 1277
What are the prime factors of 72540?
2, 3, 5, 13, 31
What are the prime factors of 810575?
5, 32423
What are the prime factors of 198445?
5, 13, 43, 71
List the prime factors of 575267.
7, 11, 31, 241
What are the prime factors of 19521543?
3, 53, 122777
List the prime factors of 9669359.
7, 1381337
What are the prime factors of 2366416?
2, 13, 31, 367
What are the prime factors of 17577063?
3, 7, 279001
What are the prime factors of 11297861?
11297861
List the prime factors of 310808.
2, 38851
List the prime factors of 705332.
2, 176333
What are the prime factors of 3138423?
3, 269, 3889
List the prime factors of 209133.
3, 19, 1223
What are the prime factors of 6101200?
2, 5, 7, 2179
List the prime factors of 928189.
53, 83, 211
List the prime factors of 487638.
2, 3, 27091
List the prime factors of 1314814.
2, 17, 38671
List the prime factors of 759069.
3, 19, 23, 193
List the prime factors of 569760.
2, 3, 5, 1187
List the prime factors of 215613.
3, 23957
List the prime factors of 3782133.
3, 53, 881
List the prime factors of 1296207.
3, 11, 13093
List the prime factors of 2985343.
1223, 2441
List the prime factors of 2978814.
2, 3, 41, 12109
List the prime factors of 9228435.
3, 5, 615229
What are the prime factors of 7269212?
2, 1817303
List the prime factors of 73109.
29, 2521
List the prime factors of 264944.
2, 29, 571
List the prime factors of 89445.
3, 5, 67, 89
List the prime factors of 5982543.
3, 7, 94961
What are the prime factors of 822816?
2, 3, 2857
List the prime factors of 541007.
541007
List the prime factors of 268666.
2, 134333
List the prime factors of 78888.
2, 3, 19, 173
What are the prime factors of 1373500?
2, 5, 41, 67
What are the prime factors of 290455?
5, 11, 5281
What are the prime factors of 13320552?
2, 3, 7, 47, 241
List the prime factors of 10110864.
2, 3, 210643
What are the prime factors of 14424069?
3, 11, 437093
What are the prime factors of 212644?
2, 53161
What are the prime factors of 270432?
2, 3, 313
List the prime factors of 334037.
11, 30367
List the prime factors of 6678523.
6678523
List the prime factors of 6393578.
2, 3196789
What are the prime factors of 1452575?
5, 97, 599
List the prime factors of 462162.
2, 3, 17, 23, 197
What are the prime factors of 6034073?
23, 262351
What are the prime factors of 1724046?
2, 3, 287341
What are the prime factors of 2346235?
5, 31, 15137
What are the prime factors of 2931172?
2, 41, 61, 293
What are the prime factors of 6087047?
137, 157, 283
What are the prime factors of 1605739?
1605739
List the prime factors of 1051620.
2, 3, 5, 17, 1031
What are the prime factors of 529881?
3, 11, 16057
What are the prime factors of 3015848?
2, 11, 43, 797
What are the prime factors of 20093042?
2, 53, 131, 1447
What are the prime factors of 903832?
2, 112979
What are the prime factors of 537743?
537743
What are the prime factors of 22735339?
11, 23, 73, 1231
What are the prime factors of 1539315?
3, 5, 79, 433
What are the prime factors of 1572988?
2, 393247
What are the prime factors of 7728062?
2, 281, 13751
What are the prime factors of 2227913?
2227913
What are the prime factors of 9777?
3, 3259
List the prime factors of 1696153.
1696153
What are the prime factors of 53092?
2, 13, 1021
List the prime factors of 2700828.
2, 3, 13, 29, 199
List the prime factors of 2094037.
11, 190367
List the prime factors of 381309.
3, 127103
What are the prime factors of 6455969?
13, 38201
List the prime factors of 3330290.
2, 5, 333029
What are the prime factors of 838963?
838963
List the prime factors of 777177.
3, 86353
What are the prime factors of 246400?
2, 5, 7, 11
List the prime factors of 7324606.
2, 283, 12941
List the prime factors of 2389232.
2, 31, 4817
What are the prime factors of 4180092?
2, 3, 7, 7109
What are the prime factors of 280597?
280597
List the prime factors of 1690380.
2, 3, 5, 9391
What are the prime factors of 25956?
2, 3, 7, 103
What are the prime factors of 12467772?
2, 3, 41, 8447
What are the prime factors of 1131691?
11, 102881
List the prime factors of 5347784.
2, 13, 51421
List the prime 